*j. What is the tens digit of k(11)?
1
Suppose 3*c - 5 - 7 = 0. Suppose -z + 4 = 0, -7 = 4*x - c*z - 63. What is the units digit of x?
8
Suppose -5*o = -y + 680, 0 = -5*y + 3*y - o + 1415. What is the hundreds digit of y?
7
Suppose 86 = 3*c + 98, -2*c + 13564 = 4*l. What is the thousands digit of l?
3
Suppose 5*v = 4*h - 5, -7*h + 2*v = -4*h - 9. Suppose -2*k + 57 = h*n, -50 = -4*k + 3*n + 25. What is the tens digit of k?
2
Let d(b) = 145*b + 34. What is the hundreds digit of d(5)?
7
Suppose j = 7*j - 468. What is the tens digit of (-3)/9*(-4 - -2)*j?
5
Suppose 3*h - 4*k - 1734 = 0, 1384 + 1474 = 5*h + 4*k. What is the tens digit of h?
7
Let f(l) = -l**2 - 7*l**2 - 14 + 2*l**2 + 10*l**2 + 11*l. What is the tens digit of f(-7)?
0
Let a(o) = -o**3 + 10*o**2 - 5*o + 4. Let f be a(9). Suppose 0 = 5*v + t - 35, 0 = 3*v + 2*v + 2*t - f. Suppose v*c - 3*c - 6 = 0. What is the units digit of c?
2
Suppose -6*s + 11*s - 10 = 0. Suppose 3*p + s*p = 535. What is the hundreds digit of p?
1
Let y be (-17)/(-1)*(12 - 13). Let p = -21 - y. What is the tens digit of (4/(-4))/(p/76)?
1
Let b(j) = 46*j + 0*j**3 + 1 + 10*j**2 - 21*j - 23*j - j**3. Suppose -16 - 24 = -4*n. What is the units digit of b(n)?
1
Suppose q = 4*h, 4*h + 3*q + 0*q = 0. Suppose -3*b - 2 + 254 = h. What is the units digit of b?
4
Suppose 4*s + 2*f + 16 = 0, 3*f - 36 = s + 3*s. Let g be s/(2/(24/9)). What is the tens digit of ((-30)/(-8))/(g/(-64))?
3
Let b(g) = 72*g**2 - 6*g + 6. What is the hundreds digit of b(2)?
2
Suppose 33 = 3*j - 3*d, -d = 2*j + 3 - 28. Let g = -7 + j. Suppose g*u - 261 = 4*r - 0, r = -u + 45. What is the units digit of u?
9
Suppose -41461 + 13525 = -24*c. What is the tens digit of c?
6
What is the tens digit of 24/4 + 262 + 4?
7
Let t = -166 + 244. Suppose -5*m + t = -107. What is the tens digit of m?
3
Let o be ((1 - 0) + -1)/1. Suppose -4*f + 5*i = -o*f + 13, 3*f - i - 4 = 0. Suppose -207 = -5*p + f. What is the tens digit of p?
4
Let l(r) = 3*r. Let h be l(-7). Let g = 7 + h. What is the units digit of (-1)/(-6)*-3*g?
7
Suppose -5756 = -3*y - b + 2201, 5*y - 2*b = 13269. What is the tens digit of y?
5
Let j(a) = 3*a**3 + 3*a**2 + 2*a - 10. What is the tens digit of j(5)?
5
What is the tens digit of (-16384)/(-10) - (27/(-45) + 1)?
3
Let m(u) = u**3 - 3*u**2 - 4*u + 5. Let w(t) = -t**3 + 7*t**2 + 10*t - 12. Suppose -b - 1 = 4*d + 7, 0 = d + 4. Let h be w(b). What is the units digit of m(h)?
5
Suppose -4*v - 2*v = -v. Let l(y) = -y + 121. What is the units digit of l(v)?
1
Let b(v) = -v - 22. Let u be b(-22). Suppose 2*c - 5*s - 62 = 92, 2*c + s - 142 = u. What is the units digit of c?
2
Suppose 12532 = 3*r + z - 1747, r - 4767 = -4*z. What is the thousands digit of r?
4
Let f be ((-80)/(-24))/((-4)/(-114)). Suppose -4*w = -4*c - f - 81, 52 = w - 5*c. Suppose 2*i = u - 19, 3*u - 19 = 2*i + w. What is the units digit of u?
1
Let d(h) = 2*h**2 + 2*h - 50. What is the hundreds digit of d(-22)?
8
Let f(g) = 2*g + 18. Let i be f(-7). Suppose i*h - 3*b = 2*b + 159, b = 1. What is the units digit of h?
1
Let w be -4 - -1 - (122 + 0). Let y = -82 - w. What is the units digit of y?
3
Let a(n) = 5*n - 69. What is the units digit of a(26)?
1
Suppose 4*d = -w + 199, 16*w - 18*w = -d - 380. What is the hundreds digit of w?
1
Suppose -j = -y - 0*y, -j + 4*y = -3. Let n be (-3)/(j - 2) + 4. Suppose 11 = -n*v + 131. What is the units digit of v?
4
Let n(m) = 7*m + 12 + 9*m - 22*m. What is the units digit of n(-7)?
4
Let m be 7 - 5/((-10)/(-8)). Suppose 5*y = m*y - 5*g, 0 = -g. Suppose 3*x + 2*x - 115 = y. What is the units digit of x?
3
Let t(q) = 57*q**2 + 4*q - 24. What is the hundreds digit of t(3)?
5
Suppose -5*l = k + 22, 6 - 34 = -k + 5*l. What is the units digit of (9 + -10)/((-1)/k)?
3
Let p = 5332 + -3369. Suppose 8*w - p = -363. What is the tens digit of w?
0
Suppose -k - 2*o + 8 = -11, 4*k + 5*o = 61. Suppose 0 = x - 29 + k. What is the tens digit of x?
2
Let r(i) = -i**2 + i. Let d(b) = -2*b**3 + 3*b**2 - 21*b + 8. Let a(s) = -d(s) + 2*r(s). What is the tens digit of a(5)?
3
Let c = -135 - -145. Suppose c*y - 256 = 414. What is the tens digit of y?
6
Suppose 5*b + 81 + 189 = 0. Let a = 30 - b. What is the units digit of a?
4
What is the hundreds digit of (3 - (-286)/(-33))*(-2 + -91)?
5
Suppose -125*f - 29*f + 1023022 = 0. What is the units digit of f?
3
Suppose 15*c = 16*c + 1, -2380 = -2*w + 2*c. What is the units digit of w?
9
Suppose -6 = 3*u, 0*u + 44 = 4*a + 2*u. What is the tens digit of (-9 - -19)/(2/a)?
6
Let p(f) = 7*f - 2. Let w be p(1). Suppose 5*i + 3 = m + 21, -4*m - 27 = -w*i. Suppose 0 = i*c + c - 116. What is the units digit of c?
9
Suppose -4*d + 28 = 4*z, 0*z + d - 15 = -3*z. Suppose -12 = -r - z. Suppose 4*c + 0*k = -k + 17, r = 3*c - 4*k. What is the units digit of c?
4
Let v(k) = k - 7. Let p be v(9). Let g be (-145)/p*8/(-5). What is the tens digit of (5/10)/(2/g)?
2
Let d be (5/(15/(-6)))/(8/(-12)). Suppose d*l - 220 = l. What is the hundreds digit of l?
1
Let q(w) = w**3 + 2*w**2 - w - 2. Let b be q(-2). Suppose b = 4*n + 5*i - 371, 2*n + 0*i - 208 = 2*i. What is the units digit of n?
9
Let r be (1 - 3)*(1 + -2). What is the units digit of ((-1)/r)/((-3)/180)?
0
Let g(u) = -u**3 + 14*u**2 - u - 30. Let m be g(14). What is the tens digit of 3*-21*m/36?
7
Suppose 5*z - 3*n + 1972 = 8714, 3*n - 3 = 0. What is the units digit of z?
9
Suppose 40*u - 75 = 35*u. Let w(q) = 10*q + 18. What is the units digit of w(u)?
8
Suppose 10*b - 3*b = 8246. Suppose -704 = -3*a + z, 0 = -3*a + 8*a + 3*z - b. Suppose 3*r = -2*r + a. What is the tens digit of r?
4
Let p be 0 + 3/(0 - 3). Let j be -2*(2 - 4) + p. Suppose -j*q + 30 = -q. What is the tens digit of q?
1
Let u = -18 + 30. Let l be 100/(-30)*(0 + -3). Let g = u - l. What is the units digit of g?
2
Let d(p) be the second derivative of 0 + 2*p + 1/2*p**3 - 1/3*p**4 - 1/20*p**5 + 1/2*p**2. What is the units digit of d(-5)?
1
Let d(q) = 263*q**2 - 20*q + 11. What is the hundreds digit of d(3)?
3
Suppose -5*j + 35 = r, 4*r + j + 2*j - 89 = 0. Let s(a) = a**3 - 21*a**2 + 22*a + 1. What is the units digit of s(r)?
1
Let m(y) = 3*y - 74. Let n be m(24). What is the units digit of n*6/12 - (-38)/1?
7
Let m(q) = q + 2. Let r be m(-11). What is the units digit of (-5)/(-15) - 546/r?
1
Suppose 0 = 2*f - k - 2, 2*k - k - 2 = 0. What is the units digit of (-2 + 4)/(f/146)?
6
Let o = 179 - -1308. What is the tens digit of o?
8
Suppose 12*o = 29*o - 54587. What is the tens digit of o?
1
Let i = -1 - -5. Let u be 101/11 + (-2)/11. Suppose -v = -u - i. What is the tens digit of v?
1
Let f be (-14)/49 - 24/14. Let c be (45/(-12))/(f/(-264)). What is the units digit of c/(-27) - (-2)/(-6)?
8
Suppose -2*o - 33 = -a, a + 17 = -o - 7. Let g = 134 - 92. Let i = o + g. What is the units digit of i?
3
Let j = -2871 + 4670. What is the thousands digit of j?
1
Let y(g) = -g**2 + 24*g + 9. What is the tens digit of y(22)?
5
Let d be 4/((-12)/(-15)) - 2. Suppose -2*j = -d*s, -2*s - 1 = -j - s. Suppose 5*q = j*q + 18. What is the units digit of q?
9
Let r be 1 - (-3 + (-3 - -2)). Suppose -4 = r*i - 49. What is the tens digit of (21/i)/(3/36)?
2
Suppose -30*v = -33*v + 18. Let p be (-1)/((-2)/4) + 134. Suppose 5*n = -3*x + 164, 4*n - p = 2*x - v*x. What is the units digit of n?
1
Let j(o) = 64*o - 4. What is the hundreds digit of j(9)?
5
Let y(v) = -15*v + 10. What is the tens digit of y(-3)?
5
Let s(w) = 4 + w**2 + 4*w + 4 - w**3 - 6. What is the units digit of s(-3)?
6
What is the thousands digit of 9 - (11 + (-21624)/12)?
1
Suppose 2*z = 5*t - 4333, 2*t - 761 = 5*z + 968. What is the units digit of t?
7
What is the units digit of (((-406)/(-5))/7)/((-1)/(-35))?
6
Suppose -4*g - 84 = -4*d + 84, 42 = d - 3*g. Suppose 23*w = 22*w + d. What is the units digit of w?
2
Suppose 0 = -483*j + 478*j + 10280. What is the thousands digit of j?
2
Suppose -x = -6*x. Suppose -2*h - h + 261 = x. Suppose -2*u = u - 15, -5*u + h = 2*c. What is the units digit of c?
1
Let k be ((-6)/(-4))/(4/56). Let a be (0 - -4)*k/(-12). What is the units digit of 9*a/(-6)*2?
1
Let k = -246 - -387. What is the hundreds digit of k?
1
Let p(r) be the first derivative of -17*r**5/120 - r**4/8 - 5*r**3/3 + 5. Let o(t) be the third derivative of p(t). What is the units